{"id":3240,"date":"2022-03-09T09:19:13","date_gmt":"2022-03-09T08:19:13","guid":{"rendered":"http:\/\/apeletouquet.com\/?page_id=3240"},"modified":"2025-02-22T16:05:25","modified_gmt":"2025-02-22T15:05:25","slug":"pourquoi-adherer-a-lape","status":"publish","type":"page","link":"https:\/\/apeletouquet.com\/index.php\/pourquoi-adherer-a-lape\/","title":{"rendered":"Pourquoi adh\u00e9rer \u00e0 l&rsquo;APE ?"},"content":{"rendered":"<div data-colibri-id=\"3240-c1\" class=\"style-1259 style-local-3240-c1 position-relative\">\n  <!---->\n  <div data-colibri-component=\"section\" data-colibri-id=\"3240-c2\" id=\"custom\" class=\"h-section h-section-global-spacing d-flex align-items-lg-center align-items-md-center align-items-center style-1260 style-local-3240-c2 position-relative\">\n    <!---->\n    <!---->\n    <div class=\"h-section-grid-container h-section-boxed-container\">\n      <!---->\n      <div data-colibri-id=\"3240-c3\" class=\"h-row-container gutters-row-lg-2 gutters-row-md-2 gutters-row-0 gutters-row-v-lg-2 gutters-row-v-md-2 gutters-row-v-2 style-1261 style-local-3240-c3 position-relative\">\n        <!---->\n        <div class=\"h-row justify-content-lg-center justify-content-md-center justify-content-center align-items-lg-stretch align-items-md-stretch align-items-stretch gutters-col-lg-2 gutters-col-md-2 gutters-col-0 gutters-col-v-lg-2 gutters-col-v-md-2 gutters-col-v-2\">\n          <!---->\n          <div class=\"h-column h-column-container d-flex h-col-lg-auto h-col-md-auto h-col-auto style-1262-outer style-local-3240-c4-outer\">\n            <div data-colibri-id=\"3240-c4\" class=\"d-flex h-flex-basis h-column__inner h-ui-empty-state-container h-px-lg-2 h-px-md-2 h-px-2 v-inner-lg-2 v-inner-md-2 v-inner-2 style-1262 style-local-3240-c4 position-relative\">\n              <!---->\n              <!---->\n              <div class=\"w-100 h-y-container h-column__content h-column__v-align flex-basis-100\">\n                <!---->\n              <\/div>\n            <\/div>\n          <\/div>\n          <div class=\"h-column h-column-container d-flex h-col-lg-auto h-col-md-auto h-col-auto style-1263-outer style-local-3240-c5-outer\">\n            <div data-colibri-id=\"3240-c5\" class=\"d-flex h-flex-basis h-column__inner h-px-lg-2 h-px-md-2 h-px-2 v-inner-lg-2 v-inner-md-2 v-inner-2 style-1263 style-local-3240-c5 position-relative\">\n              <!---->\n              <!---->\n              <div class=\"w-100 h-y-container h-column__content h-column__v-align flex-basis-100 align-self-lg-start align-self-md-start align-self-start\">\n                <!---->\n                <div data-colibri-id=\"3240-c6\" class=\"h-text h-text-component style-1266 style-local-3240-c6 position-relative h-element\">\n                  <!---->\n                  <!---->\n                  <div class=\"\">\n                    <p><strong style=\"font-size: 113%; font-weight: 700;\">Vous acc\u00e9derez \u00e0 diff\u00e9rents services comme par exemple :<\/strong><\/p>\n                    <p><strong style=\"font-weight: 800; font-size: 109%;\">\u2022 <\/strong>\u00catre repr\u00e9sent\u00e9 et d\u00e9fendu dans toutes les commissions\n                      <br><strong style=\"font-weight: 800; font-size: 17.44px; font-family: &quot;Open Sans&quot;; color: rgb(70, 112, 127);\">\u2022&nbsp;<\/strong>\u00catre accompagn\u00e9 pour tous probl\u00e8mes au sein de l\u2019\u00e9tablissement\n                      <br><strong style=\"font-weight: 800; font-size: 17.44px; font-family: &quot;Open Sans&quot;; color: rgb(70, 112, 127);\">\u2022&nbsp;<\/strong>Une aide peut \u00eatre apport\u00e9e aux familles en difficult\u00e9, (sur dossier)\n                      <br><strong style=\"font-weight: 800; font-size: 17.44px; font-family: &quot;Open Sans&quot;; color: rgb(70, 112, 127);\">\u2022&nbsp;<\/strong>L\u2019APE participe aux frais lors des sorties p\u00e9dagogiques\n                      <br><strong style=\"font-weight: 800; font-size: 17.44px; font-family: &quot;Open Sans&quot;; color: rgb(70, 112, 127);\">\u2022&nbsp;<\/strong>Apr\u00e8s plus de trois ans de cotisation, une somme vot\u00e9e lors d\u2019une assembl\u00e9e est donn\u00e9e aux \u00e9l\u00e8ves\n                      effectuant un stage en Europe\n                      <br><strong style=\"font-weight: 800; font-size: 17.44px; font-family: &quot;Open Sans&quot;; color: rgb(70, 112, 127);\">\u2022&nbsp;<\/strong>Apr\u00e8s plus de trois ans de cotisation, une somme vot\u00e9e lors d\u2019une assembl\u00e9e est donn\u00e9e aux \u00e9l\u00e8ves\n                      effectuant un stage en Chine, au <strong style=\"font-weight: 800; font-size: 17.44px; font-family: &quot;Open Sans&quot;; color: rgb(70, 112, 127);\">\u2022&nbsp;<\/strong>Mexique ou aux USA\n                      <br><strong style=\"font-weight: 800; font-size: 17.44px; font-family: &quot;Open Sans&quot;; color: rgb(70, 112, 127);\">\u2022&nbsp;<\/strong>Les gagnants des concours organis\u00e9s par le Lyc\u00e9e H\u00f4telier per\u00e7oivent un ch\u00e8que une fois par an et\n                      par \u00e9l\u00e8ve\n                      <br><strong style=\"font-weight: 800; font-size: 17.44px; font-family: &quot;Open Sans&quot;; color: rgb(70, 112, 127);\">\u2022&nbsp;<\/strong>Vous acc\u00e9dez \u00e0 la bourse aux v\u00eatements\n                      <br><strong style=\"font-weight: 800; font-size: 17.44px; font-family: &quot;Open Sans&quot;; color: rgb(70, 112, 127);\">\u2022&nbsp;<\/strong>Les livres scolaires sont livr\u00e9s le jour de la rentr\u00e9e avec une remise\n                      <br><strong style=\"font-weight: 800; font-size: 17.44px; font-family: &quot;Open Sans&quot;; color: rgb(70, 112, 127);\">\u2022&nbsp;<\/strong>Vous acc\u00e9dez au listing de logements mis \u00e0 jour\n                      <br><strong style=\"font-weight: 800; font-size: 17.44px; font-family: &quot;Open Sans&quot;; color: rgb(70, 112, 127);\">\u2022&nbsp;<\/strong>En participant \u00e0 nos r\u00e9unions, vous \u00eates inform\u00e9s des \u00e9volutions et des d\u00e9cisions dans chacune des\n                      commissions.\n                      <br>\n                      <br><span style=\"font-weight: 600;\">Gr\u00e2ce aux cotisations per\u00e7ues, l\u2019APE participe \u00e0 la vie du lyc\u00e9e et tente d\u2019am\u00e9liorer le quotidien des \u00e9l\u00e8ves. Par exemple,<br><\/span><strong style=\"font-weight: 800; color: rgb(70, 112, 127); font-family: &quot;Open Sans&quot;; font-size: 17.44px;\">\u2022&nbsp;<\/strong>L\u2019APE\n                      fournit un ensemble de lots permettant l\u2019organisation d\u2019une tombola lors du bal des lyc\u00e9ens.\n                      <br><strong style=\"color: rgb(70, 112, 127); font-family: &quot;Open Sans&quot;; font-size: 17.44px; font-weight: 800;\">\u2022&nbsp;<\/strong>L\u2019APE a financ\u00e9 des jeux (babyfoot, fl\u00e9chettes, tir \u00e0 l\u2019arc\u2026) pour l\u2019ensemble des internes.\n                      <br><strong style=\"color: rgb(70, 112, 127); font-family: &quot;Open Sans&quot;; font-size: 17.44px; font-weight: 800;\">\u2022&nbsp;<\/strong>L\u2019APE participe lors de certaines sorties scolaires du Lyc\u00e9e (Cin\u00e9ma, Rungis)<\/p>\n                  <\/div>\n                <\/div>\n              <\/div>\n            <\/div>\n          <\/div>\n        <\/div>\n      <\/div>\n    <\/div>\n  <\/div>\n  <div data-colibri-component=\"section\" data-colibri-id=\"3240-c7\" id=\"custom-2\" class=\"h-section h-section-global-spacing d-flex align-items-lg-center align-items-md-center align-items-center style-1329 style-local-3240-c7 position-relative\">\n    <!---->\n    <!---->\n    <div class=\"h-section-grid-container h-section-boxed-container\">\n      <!---->\n      <div data-colibri-id=\"3240-c8\" class=\"h-row-container gutters-row-lg-3 gutters-row-md-3 gutters-row-0 gutters-row-v-lg-3 gutters-row-v-md-3 gutters-row-v-3 style-1330 style-local-3240-c8 position-relative\">\n        <!---->\n        <div class=\"h-row justify-content-lg-center justify-content-md-center justify-content-center align-items-lg-stretch align-items-md-stretch align-items-stretch gutters-col-lg-3 gutters-col-md-3 gutters-col-0 gutters-col-v-lg-3 gutters-col-v-md-3 gutters-col-v-3\">\n          <!---->\n          <div class=\"h-column h-column-container d-flex h-col-lg-auto h-col-md-auto h-col-auto style-1331-outer style-local-3240-c9-outer\">\n            <div data-colibri-id=\"3240-c9\" class=\"d-flex h-flex-basis h-column__inner h-ui-empty-state-container h-px-lg-3 h-px-md-3 h-px-3 v-inner-lg-3 v-inner-md-3 v-inner-3 style-1331 style-local-3240-c9 position-relative\">\n              <!---->\n              <!---->\n              <div class=\"w-100 h-y-container h-column__content h-column__v-align flex-basis-100\">\n                <!---->\n              <\/div>\n            <\/div>\n          <\/div>\n          <div class=\"h-column h-column-container d-flex h-col-lg-auto h-col-md-auto h-col-auto style-1332-outer style-local-3240-c10-outer\">\n            <div data-colibri-id=\"3240-c10\" class=\"d-flex h-flex-basis h-column__inner h-px-lg-3 h-px-md-3 h-px-3 v-inner-lg-3 v-inner-md-3 v-inner-3 style-1332 style-local-3240-c10 position-relative\">\n              <!---->\n              <!---->\n              <div class=\"w-100 h-y-container h-column__content h-column__v-align flex-basis-100 align-self-lg-start align-self-md-start align-self-start\">\n                <!---->\n                <div data-colibri-id=\"3240-c11\" class=\"d-block style-1652 style-local-3240-c11 position-relative h-element\">\n                  <!---->\n                  <div class=\"h-image__frame-container-outer\">\n                    <div class=\"h-image__frame-container\">\n                      <!---->\n                      <!---->\n                      <img loading=\"lazy\" decoding=\"async\" width=\"658\" height=\"594\" src=\"http:\/\/apeletouquet.com\/wp-content\/uploads\/2023\/10\/cropped-avantages-2023.png\" class=\"wp-image-5451 style-1652-image style-local-3240-c11-image\" alt=\"\" srcset=\"https:\/\/apeletouquet.com\/wp-content\/uploads\/2023\/10\/cropped-avantages-2023.png 658w, https:\/\/apeletouquet.com\/wp-content\/uploads\/2023\/10\/cropped-avantages-2023-300x271.png 300w\" sizes=\"auto, (max-width: 658px) 100vw, 658px\" \/>\n                      <div class=\"h-image__frame h-hide-lg h-hide-md h-hide-sm style-1652-frameImage style-local-3240-c11-frameImage\"><\/div>\n                    <\/div>\n                  <\/div>\n                <\/div>\n              <\/div>\n            <\/div>\n          <\/div>\n        <\/div>\n      <\/div>\n    <\/div>\n  <\/div>\n<\/div>","protected":false},"excerpt":{"rendered":"<p>Vous acc\u00e9derez \u00e0 diff\u00e9rents services comme par exemple : \u2022 \u00catre repr\u00e9sent\u00e9 et d\u00e9fendu dans toutes les commissions \u2022&nbsp;\u00catre accompagn\u00e9 pour tous probl\u00e8mes au sein de l\u2019\u00e9tablissement \u2022&nbsp;Une aide peut \u00eatre apport\u00e9e aux familles en difficult\u00e9, (sur dossier) \u2022&nbsp;L\u2019APE participe aux frais lors des sorties p\u00e9dagogiques \u2022&nbsp;Apr\u00e8s plus de trois ans de cotisation, une somme [&hellip;]<\/p>\n","protected":false},"author":2,"featured_media":0,"parent":0,"menu_order":0,"comment_status":"closed","ping_status":"closed","template":"page-templates\/full-width-page.php","meta":{"footnotes":""},"class_list":["post-3240","page","type-page","status-publish","hentry"],"_links":{"self":[{"href":"https:\/\/apeletouquet.com\/index.php\/wp-json\/wp\/v2\/pages\/3240","targetHints":{"allow":["GET"]}}],"collection":[{"href":"https:\/\/apeletouquet.com\/index.php\/wp-json\/wp\/v2\/pages"}],"about":[{"href":"https:\/\/apeletouquet.com\/index.php\/wp-json\/wp\/v2\/types\/page"}],"author":[{"embeddable":true,"href":"https:\/\/apeletouquet.com\/index.php\/wp-json\/wp\/v2\/users\/2"}],"replies":[{"embeddable":true,"href":"https:\/\/apeletouquet.com\/index.php\/wp-json\/wp\/v2\/comments?post=3240"}],"version-history":[{"count":11,"href":"https:\/\/apeletouquet.com\/index.php\/wp-json\/wp\/v2\/pages\/3240\/revisions"}],"predecessor-version":[{"id":5454,"href":"https:\/\/apeletouquet.com\/index.php\/wp-json\/wp\/v2\/pages\/3240\/revisions\/5454"}],"wp:attachment":[{"href":"https:\/\/apeletouquet.com\/index.php\/wp-json\/wp\/v2\/media?parent=3240"}],"curies":[{"name":"wp","href":"https:\/\/api.w.org\/{rel}","templated":true}]}}