{"id":564,"date":"2021-12-09T18:22:50","date_gmt":"2021-12-09T17:22:50","guid":{"rendered":"http:\/\/apeletouquet.com\/?page_id=564"},"modified":"2023-10-29T19:20:27","modified_gmt":"2023-10-29T18:20:27","slug":"le-mot-daccueil-de-la-presidente","status":"publish","type":"page","link":"https:\/\/apeletouquet.com\/index.php\/le-mot-daccueil-de-la-presidente\/","title":{"rendered":"Le Mot d&rsquo;accueil de la Pr\u00e9sidente"},"content":{"rendered":"<div data-colibri-id=\"564-c1\" class=\"style-339 style-local-564-c1 position-relative\">\r\n  <!---->\r\n  <div data-colibri-component=\"section\" data-colibri-id=\"564-c2\" id=\"custom\" class=\"h-section h-section-global-spacing d-flex align-items-lg-center align-items-md-center align-items-center style-555 style-local-564-c2 position-relative\">\r\n    <!---->\r\n    <!---->\r\n    <div class=\"h-section-grid-container h-section-boxed-container\">\r\n      <!---->\r\n      <div data-colibri-id=\"564-c3\" class=\"h-row-container gutters-row-lg-2 gutters-row-md-2 gutters-row-0 gutters-row-v-lg-2 gutters-row-v-md-2 gutters-row-v-2 style-556 style-local-564-c3 position-relative\">\r\n        <!---->\r\n        <div class=\"h-row justify-content-lg-center justify-content-md-center justify-content-center align-items-lg-stretch align-items-md-stretch align-items-stretch gutters-col-lg-2 gutters-col-md-2 gutters-col-0 gutters-col-v-lg-2 gutters-col-v-md-2 gutters-col-v-2\">\r\n          <!---->\r\n          <div class=\"h-column h-column-container d-flex h-col-lg-auto h-col-md-auto h-col-auto style-557-outer style-local-564-c4-outer\">\r\n            <div data-colibri-id=\"564-c4\" class=\"d-flex h-flex-basis h-column__inner h-px-lg-2 h-px-md-2 h-px-2 v-inner-lg-2 v-inner-md-2 v-inner-2 style-557 style-local-564-c4 position-relative\">\r\n              <!---->\r\n              <!---->\r\n              <div class=\"w-100 h-y-container h-column__content h-column__v-align flex-basis-100 align-self-lg-start align-self-md-start align-self-start\">\r\n                <!---->\r\n                <div data-colibri-id=\"564-c5\" class=\"h-text h-text-component style-1505 style-local-564-c5 position-relative h-element\">\r\n                  <!---->\r\n                  <!---->\r\n                  <div class=\"\">\r\n                    <p>Chers parents et \u00e9l\u00e8ves,<\/p>\r\n                    <p>Les Membres du Bureau se joignent \u00e0 moi pour vous souhaiter la bienvenue dans notre lyc\u00e9e h\u00f4telier du TOUQUET<\/p>\r\n                    <p>Une vid\u00e9o reprend les explications de ce qu\u2019est notre APE :\r\n                      <a href=\"https:\/\/youtu.be\/EWo2rJmE6GQ\" target=\"_blank\" class=\"customize-unpreviewable\" rel=\"noopener\">vid\u00e9o explicative APE<\/a>\r\n                    <\/p>\r\n                    <p>Vous voil\u00e0 \u00e0 l\u2019\u00e8re de nouvelles technologies, de l\u2019information sur l\u2019art de la restauration, du service et de l\u2019accueil.<\/p>\r\n                    <p>Le lyc\u00e9e h\u00f4telier du Touquet a le devoir de vous pr\u00e9parer \u00e0 tout cela et les enseignants ont une place majeure pour vous transmettre leur savoir et les portes de leurs connaissances seront largement ouvertes. Mais on ne peut rien r\u00e9aliser\r\n                      sans votre concours, sans votre apport, sans votre participation active.<\/p>\r\n                    <p>Il ne faut pas avoir peur de dire que notre lyc\u00e9e sera aussi un lyc\u00e9e du respect et de l\u2019autorit\u00e9 puisque nous sommes tous convaincus de la n\u00e9cessit\u00e9 de transmettre \u00e0 nos enfants les valeurs et les rep\u00e8res qui les aideront demain \u00e0\r\n                      faire le meilleur usage de leur libert\u00e9 d\u2019adulte.<\/p>\r\n                    <p>Mais le respect, c\u2019est aussi le respect de l\u2019\u00e9l\u00e8ve envers ses camarades et ses professeurs.<\/p>\r\n                    <p>Pour cela notre A.P. E est pour le dialogue et la concertation et ils sont les maitres mots de nos relations avec Monsieur le Proviseur, le Chef de travaux, l\u2019ensemble des Enseignants, les C.P. E, les Surveillants ainsi que le personnel\r\n                      de l\u2019\u00e9tablissement.<\/p>\r\n                    <p>Nous donnons notre avis objectivement, sans concession ni soumission, en accord avec nos valeurs et convictions.<\/p>\r\n                    <p>Nous avons pu vraiment donner notre avis objectivement sur de nombreux dossiers.\r\n                      <br> Nous poursuivrons notre engagement pour agir au sein de l\u2019\u00e9tablissement en tant que parents responsables.\r\n                      <br> Notre A.P.E a d\u00e9montr\u00e9 de mani\u00e8re volontaire et dynamique son engagement au service des parents et des \u00e9l\u00e8ves.<\/p>\r\n                    <p>C\u2019est un travail difficile pour les quelques b\u00e9n\u00e9voles que nous sommes mais nous y mettons toute notre conviction et \u00e9nergie.<\/p>\r\n                    <p>Nos actions visent \u00e0 aider nos \u00e9l\u00e8ves dans leur parcours d\u2019orientation et d\u2019avenir.<\/p>\r\n                    <p>Nous serons toujours \u00e0 l\u2019\u00e9coute de nos \u00e9l\u00e8ves et des parents pour r\u00e9fl\u00e9chir, conforter et formuler ce qui doit \u00e9voluer et le transmettre \u00e0 ceux qui d\u00e9cident.<\/p>\r\n                    <p>Je souhaite vous associer davantage dans nos actions, par une plus grande implication des parents dans le suivi de la scolarit\u00e9 de leurs enfants en assistant par exemple aux conseils de classes (1 \u00e0 2 heures par trimestre). Je vous\r\n                      invite \u00e0 nous rejoindre au sein de notre A.P.E pour soutenir et d\u00e9fendre un lyc\u00e9e fier de ses valeurs et de son enseignement et essayer tous ensemble de guider et porter le plus loin possible l\u2019\u00e9ducation de nos enfants.<\/p>\r\n                    <p>Par nos r\u00e9unions et notre site je veux vous informer r\u00e9guli\u00e8rement ; en retour faites nous remonter vos informations, vos remarques, vos id\u00e9es et propositions.<\/p>\r\n                    <p>Sur notre site vous trouverez les noms des responsables de commissions et leurs coordonn\u00e9es.<\/p>\r\n                    <p>Je compte sur votre participation et vous souhaite une bonne rentr\u00e9e \u00e0 tous.<\/p>\r\n                    <p>Judith Dewancker-Cloup,&nbsp;Pr\u00e9sidente de l\u2019APE du Touquet<\/p>\r\n                  <\/div>\r\n                <\/div>\r\n              <\/div>\r\n            <\/div>\r\n          <\/div>\r\n        <\/div>\r\n      <\/div>\r\n    <\/div>\r\n  <\/div>\r\n<\/div>","protected":false},"excerpt":{"rendered":"<p>Chers parents et \u00e9l\u00e8ves, Les Membres du Bureau se joignent \u00e0 moi pour vous souhaiter la bienvenue dans notre lyc\u00e9e h\u00f4telier du TOUQUET Une vid\u00e9o reprend les explications de ce qu\u2019est notre APE : vid\u00e9o explicative APE Vous voil\u00e0 \u00e0 l\u2019\u00e8re de nouvelles technologies, de l\u2019information sur l\u2019art de la restauration, du service et de [&hellip;]<\/p>\n","protected":false},"author":2,"featured_media":0,"parent":0,"menu_order":0,"comment_status":"closed","ping_status":"closed","template":"page-templates\/full-width-page.php","meta":{"footnotes":""},"class_list":["post-564","page","type-page","status-publish","hentry"],"_links":{"self":[{"href":"https:\/\/apeletouquet.com\/index.php\/wp-json\/wp\/v2\/pages\/564","targetHints":{"allow":["GET"]}}],"collection":[{"href":"https:\/\/apeletouquet.com\/index.php\/wp-json\/wp\/v2\/pages"}],"about":[{"href":"https:\/\/apeletouquet.com\/index.php\/wp-json\/wp\/v2\/types\/page"}],"author":[{"embeddable":true,"href":"https:\/\/apeletouquet.com\/index.php\/wp-json\/wp\/v2\/users\/2"}],"replies":[{"embeddable":true,"href":"https:\/\/apeletouquet.com\/index.php\/wp-json\/wp\/v2\/comments?post=564"}],"version-history":[{"count":20,"href":"https:\/\/apeletouquet.com\/index.php\/wp-json\/wp\/v2\/pages\/564\/revisions"}],"predecessor-version":[{"id":5255,"href":"https:\/\/apeletouquet.com\/index.php\/wp-json\/wp\/v2\/pages\/564\/revisions\/5255"}],"wp:attachment":[{"href":"https:\/\/apeletouquet.com\/index.php\/wp-json\/wp\/v2\/media?parent=564"}],"curies":[{"name":"wp","href":"https:\/\/api.w.org\/{rel}","templated":true}]}}

Le Mot d&rsquo;accueil de la Présidente

<div data-colibri-id="564-c1" class="style-339 style-local-564-c1 position-relative">
  <!---->
  <div data-colibri-component="section" data-colibri-id="564-c2" id="custom" class="h-section h-section-global-spacing d-flex align-items-lg-center align-items-md-center align-items-center style-555 style-local-564-c2 position-relative">
    <!---->
    <!---->
    <div class="h-section-grid-container h-section-boxed-container">
      <!---->
      <div data-colibri-id="564-c3" class="h-row-container gutters-row-lg-2 gutters-row-md-2 gutters-row-0 gutters-row-v-lg-2 gutters-row-v-md-2 gutters-row-v-2 style-556 style-local-564-c3 position-relative">
        <!---->
        <div class="h-row justify-content-lg-center justify-content-md-center justify-content-center align-items-lg-stretch align-items-md-stretch align-items-stretch gutters-col-lg-2 gutters-col-md-2 gutters-col-0 gutters-col-v-lg-2 gutters-col-v-md-2 gutters-col-v-2">
          <!---->
          <div class="h-column h-column-container d-flex h-col-lg-auto h-col-md-auto h-col-auto style-557-outer style-local-564-c4-outer">
            <div data-colibri-id="564-c4" class="d-flex h-flex-basis h-column__inner h-px-lg-2 h-px-md-2 h-px-2 v-inner-lg-2 v-inner-md-2 v-inner-2 style-557 style-local-564-c4 position-relative">
              <!---->
              <!---->
              <div class="w-100 h-y-container h-column__content h-column__v-align flex-basis-100 align-self-lg-start align-self-md-start align-self-start">
                <!---->
                <div data-colibri-id="564-c5" class="h-text h-text-component style-1505 style-local-564-c5 position-relative h-element">
                  <!---->
                  <!---->
                  <div class="">
                    <p>Chers parents et élèves,</p>
                    <p>Les Membres du Bureau se joignent à moi pour vous souhaiter la bienvenue dans notre lycée hôtelier du TOUQUET</p>
                    <p>Une vidéo reprend les explications de ce qu’est notre APE :
                      <a href="https://youtu.be/EWo2rJmE6GQ" target="_blank" class="customize-unpreviewable" rel="noopener">vidéo explicative APE</a>
                    </p>
                    <p>Vous voilà à l’ère de nouvelles technologies, de l’information sur l’art de la restauration, du service et de l’accueil.</p>
                    <p>Le lycée hôtelier du Touquet a le devoir de vous préparer à tout cela et les enseignants ont une place majeure pour vous transmettre leur savoir et les portes de leurs connaissances seront largement ouvertes. Mais on ne peut rien réaliser
                      sans votre concours, sans votre apport, sans votre participation active.</p>
                    <p>Il ne faut pas avoir peur de dire que notre lycée sera aussi un lycée du respect et de l’autorité puisque nous sommes tous convaincus de la nécessité de transmettre à nos enfants les valeurs et les repères qui les aideront demain à
                      faire le meilleur usage de leur liberté d’adulte.</p>
                    <p>Mais le respect, c’est aussi le respect de l’élève envers ses camarades et ses professeurs.</p>
                    <p>Pour cela notre A.P. E est pour le dialogue et la concertation et ils sont les maitres mots de nos relations avec Monsieur le Proviseur, le Chef de travaux, l’ensemble des Enseignants, les C.P. E, les Surveillants ainsi que le personnel
                      de l’établissement.</p>
                    <p>Nous donnons notre avis objectivement, sans concession ni soumission, en accord avec nos valeurs et convictions.</p>
                    <p>Nous avons pu vraiment donner notre avis objectivement sur de nombreux dossiers.
                      <br> Nous poursuivrons notre engagement pour agir au sein de l’établissement en tant que parents responsables.
                      <br> Notre A.P.E a démontré de manière volontaire et dynamique son engagement au service des parents et des élèves.</p>
                    <p>C’est un travail difficile pour les quelques bénévoles que nous sommes mais nous y mettons toute notre conviction et énergie.</p>
                    <p>Nos actions visent à aider nos élèves dans leur parcours d’orientation et d’avenir.</p>
                    <p>Nous serons toujours à l’écoute de nos élèves et des parents pour réfléchir, conforter et formuler ce qui doit évoluer et le transmettre à ceux qui décident.</p>
                    <p>Je souhaite vous associer davantage dans nos actions, par une plus grande implication des parents dans le suivi de la scolarité de leurs enfants en assistant par exemple aux conseils de classes (1 à 2 heures par trimestre). Je vous
                      invite à nous rejoindre au sein de notre A.P.E pour soutenir et défendre un lycée fier de ses valeurs et de son enseignement et essayer tous ensemble de guider et porter le plus loin possible l’éducation de nos enfants.</p>
                    <p>Par nos réunions et notre site je veux vous informer régulièrement ; en retour faites nous remonter vos informations, vos remarques, vos idées et propositions.</p>
                    <p>Sur notre site vous trouverez les noms des responsables de commissions et leurs coordonnées.</p>
                    <p>Je compte sur votre participation et vous souhaite une bonne rentrée à tous.</p>
                    <p>Judith Dewancker-Cloup,&nbsp;Présidente de l’APE du Touquet</p>
                  </div>
                </div>
              </div>
            </div>
          </div>
        </div>
      </div>
    </div>
  </div>
</div>

<p>Chers parents et élèves, Les Membres du Bureau se joignent à moi pour vous souhaiter la bienvenue dans notre lycée hôtelier du TOUQUET Une vidéo reprend les explications de ce qu’est notre APE : vidéo explicative APE Vous voilà à l’ère de nouvelles technologies, de l’information sur l’art de la restauration, du service et de [&hellip;]</p>
