{"id":78,"date":"2021-12-01T12:16:08","date_gmt":"2021-12-01T11:16:08","guid":{"rendered":"http:\/\/apeletouquet.com\/?page_id=78"},"modified":"2023-01-20T11:11:57","modified_gmt":"2023-01-20T10:11:57","slug":"page-daccueil","status":"publish","type":"page","link":"https:\/\/apeletouquet.com\/","title":{"rendered":"page d&rsquo;Accueil"},"content":{"rendered":"<div data-colibri-id=\"78-c1\" class=\"style-583 style-local-78-c1 position-relative\">\n  <!---->\n  <div data-colibri-component=\"section\" data-colibri-id=\"78-c2\" id=\"overlappable\" class=\"h-section h-section-global-spacing d-flex align-items-lg-center align-items-md-center align-items-center style-1084 style-local-78-c2 position-relative\">\n    <!---->\n    <!---->\n    <div class=\"h-section-grid-container h-section-boxed-container\">\n      <!---->\n      <div data-colibri-id=\"78-c3\" class=\"h-row-container gutters-row-lg-0 gutters-row-md-0 gutters-row-2 gutters-row-v-lg-0 gutters-row-v-md-0 gutters-row-v-2 style-1085 style-local-78-c3 position-relative\">\n        <!---->\n        <div class=\"h-row justify-content-lg-center justify-content-md-center justify-content-center align-items-lg-stretch align-items-md-stretch align-items-stretch gutters-col-lg-0 gutters-col-md-0 gutters-col-2 gutters-col-v-lg-0 gutters-col-v-md-0 gutters-col-v-2\">\n          <!---->\n          <div class=\"h-column h-column-container d-flex h-col-lg-3 h-col-md-3 h-col-12 style-1086-outer style-local-78-c4-outer\">\n            <div data-colibri-id=\"78-c4\" class=\"d-flex h-flex-basis h-column__inner h-px-lg-3 h-px-md-3 h-px-2 v-inner-lg-3 v-inner-md-3 v-inner-2 style-1086 style-local-78-c4 position-relative\">\n              <!---->\n              <!---->\n              <div class=\"w-100 h-y-container h-column__content h-column__v-align flex-basis-100 align-self-lg-center align-self-md-center align-self-center\">\n                <!---->\n                <div data-colibri-id=\"78-c5\" class=\"d-block style-1346 style-local-78-c5 position-relative h-element\">\n                  <!---->\n                  <div class=\"h-image__frame-container-outer\">\n                    <a href=\"https:\/\/apeletouquet.com\/index.php\/qui-sommes-nous\/\" h-use-smooth-scroll=\"true\" class=\"image-link\">\n                      <div class=\"h-image__frame-container\">\n                        <!---->\n                        <!---->\n                        <img loading=\"lazy\" decoding=\"async\" width=\"127\" height=\"125\" src=\"http:\/\/apeletouquet.com\/wp-content\/uploads\/2022\/03\/cropped-picto-qui-sommes-nous-2-1.png\" class=\"wp-image-3802 style-1346-image style-local-78-c5-image\" alt=\"\" \/>\n                        <div class=\"h-image__frame h-hide-lg h-hide-md h-hide-sm style-1346-frameImage style-local-78-c5-frameImage\"><\/div>\n                      <\/div>\n                    <\/a>\n                  <\/div>\n                <\/div>\n                <div data-colibri-id=\"78-c6\" class=\"h-global-transition-all h-heading style-1088 style-local-78-c6 position-relative h-element\">\n                  <!---->\n                  <div class=\"h-heading__outer style-1088 style-local-78-c6\">\n                    <!---->\n                    <!---->\n                    <a href=\"http:\/\/apeletouquet.com\/index.php\/qui-sommes-nous\/\" h-use-smooth-scroll=\"true\">\n                      <h5 class=\"\">Qui sommes-nous ?<\/h5>\n                    <\/a>\n                  <\/div>\n                <\/div>\n                <div data-colibri-id=\"78-c7\" class=\"h-text h-text-component style-1152 style-local-78-c7 position-relative h-element\">\n                  <!---->\n                  <!---->\n                  <div class=\"\">\n                    <p>Pr\u00e9sentation de l&rsquo;APE<\/p>\n                  <\/div>\n                <\/div>\n              <\/div>\n            <\/div>\n          <\/div>\n          <div class=\"h-column h-column-container d-flex h-col-lg-3 h-col-md-3 h-col-12 style-1086-outer style-local-78-c8-outer\">\n            <div data-colibri-id=\"78-c8\" class=\"d-flex h-flex-basis h-column__inner h-px-lg-3 h-px-md-3 h-px-2 v-inner-lg-3 v-inner-md-3 v-inner-2 style-1086 style-local-78-c8 position-relative\">\n              <!---->\n              <!---->\n              <div class=\"w-100 h-y-container h-column__content h-column__v-align flex-basis-100 align-self-lg-center align-self-md-center align-self-center\">\n                <!---->\n                <div data-colibri-id=\"78-c9\" class=\"d-block style-1347 style-local-78-c9 position-relative h-element\">\n                  <!---->\n                  <div class=\"h-image__frame-container-outer\">\n                    <a href=\"https:\/\/apeletouquet.com\/index.php\/les-commissions\/\" h-use-smooth-scroll=\"true\" class=\"image-link\">\n                      <div class=\"h-image__frame-container\">\n                        <!---->\n                        <!---->\n                        <img loading=\"lazy\" decoding=\"async\" width=\"123\" height=\"121\" src=\"http:\/\/apeletouquet.com\/wp-content\/uploads\/2022\/03\/picto-Commission-3.png\" class=\"wp-image-3795 style-1347-image style-local-78-c9-image\" alt=\"\" \/>\n                        <div class=\"h-image__frame h-hide-lg h-hide-md h-hide-sm style-1347-frameImage style-local-78-c9-frameImage\"><\/div>\n                      <\/div>\n                    <\/a>\n                  <\/div>\n                <\/div>\n                <div data-colibri-id=\"78-c10\" class=\"h-global-transition-all h-heading style-1088 style-local-78-c10 position-relative h-element\">\n                  <!---->\n                  <div class=\"h-heading__outer style-1088 style-local-78-c10\">\n                    <!---->\n                    <!---->\n                    <a href=\"http:\/\/apeletouquet.com\/index.php\/les-commissions\/\" h-use-smooth-scroll=\"true\">\n                      <h5 class=\"\">Les commissions<\/h5>\n                    <\/a>\n                  <\/div>\n                <\/div>\n                <div data-colibri-id=\"78-c11\" class=\"h-text h-text-component style-1153 style-local-78-c11 position-relative h-element\">\n                  <!---->\n                  <!---->\n                  <div class=\"\">\n                    <p>Pr\u00e9sentation des commissions<\/p>\n                  <\/div>\n                <\/div>\n              <\/div>\n            <\/div>\n          <\/div>\n          <div class=\"h-column h-column-container d-flex h-col-lg-3 h-col-md-3 h-col-12 style-1086-outer style-local-78-c12-outer\">\n            <div data-colibri-id=\"78-c12\" class=\"d-flex h-flex-basis h-column__inner h-px-lg-3 h-px-md-3 h-px-2 v-inner-lg-3 v-inner-md-3 v-inner-2 style-1086 style-local-78-c12 position-relative\">\n              <!---->\n              <!---->\n              <div class=\"w-100 h-y-container h-column__content h-column__v-align flex-basis-100 align-self-lg-center align-self-md-center align-self-center\">\n                <!---->\n                <div data-colibri-id=\"78-c13\" class=\"d-block style-1348 style-local-78-c13 position-relative h-element\">\n                  <!---->\n                  <div class=\"h-image__frame-container-outer\">\n                    <a href=\"https:\/\/apeletouquet.com\/index.php\/la-rentree-du-lyceen\/\" h-use-smooth-scroll=\"true\" class=\"image-link\">\n                      <div class=\"h-image__frame-container\">\n                        <!---->\n                        <!---->\n                        <img loading=\"lazy\" decoding=\"async\" width=\"122\" height=\"119\" src=\"http:\/\/apeletouquet.com\/wp-content\/uploads\/2022\/03\/picto-Rentree-2-1.png\" class=\"wp-image-3800 style-1348-image style-local-78-c13-image\" alt=\"\" \/>\n                        <div class=\"h-image__frame h-hide-lg h-hide-md h-hide-sm style-1348-frameImage style-local-78-c13-frameImage\"><\/div>\n                      <\/div>\n                    <\/a>\n                  <\/div>\n                <\/div>\n                <div data-colibri-id=\"78-c14\" class=\"h-global-transition-all h-heading style-1088 style-local-78-c14 position-relative h-element\">\n                  <!---->\n                  <div class=\"h-heading__outer style-1088 style-local-78-c14\">\n                    <!---->\n                    <!---->\n                    <a href=\"http:\/\/apeletouquet.com\/index.php\/la-rentree-du-lyceen\/\" h-use-smooth-scroll=\"true\">\n                      <h5 class=\"\">LA RENTREE des lyc\u00e9ens<\/h5>\n                    <\/a>\n                  <\/div>\n                <\/div>\n                <div data-colibri-id=\"78-c15\" class=\"h-text h-text-component style-1154 style-local-78-c15 position-relative h-element\">\n                  <!---->\n                  <!---->\n                  <div class=\"\">\n                    <p>Bien vivre la rentr\u00e9e <\/p>\n                  <\/div>\n                <\/div>\n              <\/div>\n            <\/div>\n          <\/div>\n          <div class=\"h-column h-column-container d-flex h-col-lg-3 h-col-md-3 h-col-12 style-1090-outer style-local-78-c16-outer\">\n            <div data-colibri-id=\"78-c16\" class=\"d-flex h-flex-basis h-column__inner h-px-lg-3 h-px-md-3 h-px-2 v-inner-lg-3 v-inner-md-3 v-inner-2 style-1090 style-local-78-c16 position-relative\">\n              <!---->\n              <!---->\n              <div class=\"w-100 h-y-container h-column__content h-column__v-align flex-basis-100 align-self-lg-center align-self-md-center align-self-center\">\n                <!---->\n                <div data-colibri-id=\"78-c17\" class=\"d-block style-1349 style-local-78-c17 position-relative h-element\">\n                  <!---->\n                  <div class=\"h-image__frame-container-outer\">\n                    <a href=\"https:\/\/apeletouquet.com\/index.php\/inscription\/\" h-use-smooth-scroll=\"true\" class=\"image-link\">\n                      <div class=\"h-image__frame-container\">\n                        <!---->\n                        <!---->\n                        <img loading=\"lazy\" decoding=\"async\" width=\"125\" height=\"122\" src=\"http:\/\/apeletouquet.com\/wp-content\/uploads\/2022\/03\/picto-inscription-2-1.png\" class=\"wp-image-3799 style-1349-image style-local-78-c17-image\" alt=\"\" \/>\n                        <div class=\"h-image__frame h-hide-lg h-hide-md h-hide-sm style-1349-frameImage style-local-78-c17-frameImage\"><\/div>\n                      <\/div>\n                    <\/a>\n                  <\/div>\n                <\/div>\n                <div data-colibri-id=\"78-c18\" class=\"h-global-transition-all h-heading style-1088 style-local-78-c18 position-relative h-element\">\n                  <!---->\n                  <div class=\"h-heading__outer style-1088 style-local-78-c18\">\n                    <!---->\n                    <!---->\n                    <a href=\"http:\/\/apeletouquet.com\/index.php\/inscription\/\" h-use-smooth-scroll=\"true\">\n                      <h5 class=\"\">Inscription<\/h5>\n                    <\/a>\n                  <\/div>\n                <\/div>\n                <div data-colibri-id=\"78-c19\" class=\"h-text h-text-component style-1155 style-local-78-c19 position-relative h-element\">\n                  <!---->\n                  <!---->\n                  <div class=\"\">\n                    <p>Les d\u00e9marches pour s&rsquo;inscrire<\/p>\n                  <\/div>\n                <\/div>\n              <\/div>\n            <\/div>\n          <\/div>\n        <\/div>\n      <\/div>\n    <\/div>\n  <\/div>\n  <div data-colibri-component=\"section\" data-colibri-id=\"78-c20\" id=\"about\" class=\"h-section h-section-global-spacing d-flex align-items-lg-center align-items-md-center align-items-center style-1156 style-local-78-c20 position-relative\">\n    <!---->\n    <!---->\n    <div class=\"h-section-grid-container h-section-boxed-container\">\n      <div data-colibri-id=\"78-c26\" class=\"h-row-container gutters-row-lg-2 gutters-row-md-2 gutters-row-2 gutters-row-v-lg-2 gutters-row-v-md-2 gutters-row-v-2 style-1161 style-local-78-c26 position-relative\">\n        <!---->\n        <div class=\"h-row justify-content-lg-center justify-content-md-center justify-content-center align-items-lg-stretch align-items-md-stretch align-items-stretch gutters-col-lg-2 gutters-col-md-2 gutters-col-2 gutters-col-v-lg-2 gutters-col-v-md-2 gutters-col-v-2\">\n          <!---->\n          <div class=\"h-column h-column-container d-flex h-col-lg-auto h-col-md-auto h-col-auto style-1162-outer style-local-78-c27-outer\">\n            <div data-colibri-id=\"78-c27\" class=\"d-flex h-flex-basis h-column__inner h-px-lg-2 h-px-md-2 h-px-2 v-inner-lg-2 v-inner-md-2 v-inner-2 style-1162 style-local-78-c27 position-relative\">\n              <!---->\n              <!---->\n              <div class=\"w-100 h-y-container h-column__content h-column__v-align flex-basis-100 align-self-lg-start align-self-md-start align-self-start\">\n                <!---->\n                <div data-colibri-id=\"78-c28\" class=\"h-global-transition-all h-heading style-1164 style-local-78-c28 position-relative h-element\">\n                  <!---->\n                  <div class=\"h-heading__outer style-1164 style-local-78-c28\">\n                    <!---->\n                    <!---->\n                    <h2 class=\"\"><span style=\"font-size: 142%;\">Tout <\/span><em style=\"font-size: 142%; color: rgb(255, 111, 68); font-family: &quot;Playfair Display&quot;;\">savoir<\/em><span style=\"font-size: 142%;\"> sur la vie du Lyc\u00e9en<\/span><\/h2>\n                  <\/div>\n                <\/div>\n                <div data-colibri-id=\"78-c29\" class=\"h-lead h-text h-text-component style-1165 style-local-78-c29 position-relative h-element\">\n                  <!---->\n                  <!---->\n                  <div class=\"\">\n                    <p><em style=\"font-size: 109%;\">\u00e0 travers cette rubrique, d\u00e9couvrez tout ce que vous devez savoir<\/em><\/p>\n                  <\/div>\n                <\/div>\n                <div data-colibri-id=\"78-c30\" class=\"h-x-container style-1166 style-local-78-c30 position-relative h-element\">\n                  <!---->\n                  <div class=\"h-x-container-inner style-dynamic-78-c30-group style-1166-spacing style-local-78-c30-spacing\"><span class=\"h-button__outer style-1167-outer style-local-78-c31-outer d-inline-flex h-element\"><a h-use-smooth-scroll=\"true\" href=\"http:\/\/apeletouquet.com\/index.php\/la-vie-des-lyceens\/\"  data-colibri-id=\"78-c31\" class=\"d-flex w-100 align-items-center h-button justify-content-lg-center justify-content-md-center justify-content-center style-1167 style-local-78-c31 position-relative\"><!----><!----> <span>d\u00e9couvrez<\/span><\/a>\n                    <\/span>\n                  <\/div>\n                <\/div>\n              <\/div>\n            <\/div>\n          <\/div>\n        <\/div>\n      <\/div>\n      <div data-colibri-id=\"78-c21\" class=\"h-row-container gutters-row-lg-0 gutters-row-md-0 gutters-row-0 gutters-row-v-lg-0 gutters-row-v-md-0 gutters-row-v-0 style-1157 style-local-78-c21 h-overflow-hidden position-relative\">\n        <!---->\n        <div class=\"h-row justify-content-lg-center justify-content-md-center justify-content-center align-items-lg-end align-items-md-end align-items-end gutters-col-lg-0 gutters-col-md-0 gutters-col-0 gutters-col-v-lg-0 gutters-col-v-md-0 gutters-col-v-0\">\n          <!---->\n          <div class=\"h-column h-column-container d-flex h-col-lg-auto h-col-md-auto h-col-auto align-self-lg-end align-self-md-end align-self-end style-1158-outer style-local-78-c22-outer\">\n            <div data-colibri-id=\"78-c22\" class=\"d-flex h-flex-basis h-column__inner h-ui-empty-state-container h-px-lg-0 h-px-md-0 h-px-0 v-inner-lg-0 v-inner-md-0 v-inner-0 style-1158 style-local-78-c22 position-relative\">\n              <!---->\n              <!---->\n              <div class=\"w-100 h-y-container h-column__content h-column__v-align flex-basis-100\">\n                <!---->\n              <\/div>\n            <\/div>\n          <\/div>\n          <div class=\"h-column h-column-container d-flex h-col-lg-auto h-col-md-auto h-col-auto align-self-lg-end align-self-md-end align-self-end style-1159-outer style-local-78-c23-outer\">\n            <div data-colibri-id=\"78-c23\" class=\"d-flex h-flex-basis h-column__inner h-px-lg-0 h-px-md-0 h-px-0 v-inner-lg-0 v-inner-md-0 v-inner-0 style-1159 style-local-78-c23 position-relative\">\n              <!---->\n              <!---->\n              <div class=\"w-100 h-y-container h-column__content h-column__v-align flex-basis-100 align-self-lg-start align-self-md-start align-self-end\">\n                <!---->\n                <div data-colibri-id=\"78-c24\" class=\"d-block style-1169 style-local-78-c24 position-relative h-element\">\n                  <!---->\n                  <div class=\"h-image__frame-container-outer\">\n                    <div class=\"h-image__frame-container\">\n                      <!---->\n                      <!---->\n                      <img loading=\"lazy\" decoding=\"async\" width=\"1630\" height=\"1035\" src=\"http:\/\/apeletouquet.com\/wp-content\/uploads\/2022\/03\/cropped-cropped-cropped-image-hp3.jpeg\" class=\"wp-image-4324 style-1169-image style-local-78-c24-image\" alt=\"\" srcset=\"https:\/\/apeletouquet.com\/wp-content\/uploads\/2022\/03\/cropped-cropped-cropped-image-hp3.jpeg 1630w, https:\/\/apeletouquet.com\/wp-content\/uploads\/2022\/03\/cropped-cropped-cropped-image-hp3-300x190.jpeg 300w, https:\/\/apeletouquet.com\/wp-content\/uploads\/2022\/03\/cropped-cropped-cropped-image-hp3-1024x650.jpeg 1024w, https:\/\/apeletouquet.com\/wp-content\/uploads\/2022\/03\/cropped-cropped-cropped-image-hp3-768x488.jpeg 768w, https:\/\/apeletouquet.com\/wp-content\/uploads\/2022\/03\/cropped-cropped-cropped-image-hp3-1536x975.jpeg 1536w\" sizes=\"auto, (max-width: 1630px) 100vw, 1630px\" \/>\n                      <div class=\"h-image__frame h-hide-lg h-hide-md h-hide-sm style-1169-frameImage style-local-78-c24-frameImage\"><\/div>\n                    <\/div>\n                  <\/div>\n                <\/div>\n              <\/div>\n            <\/div>\n          <\/div>\n          <div class=\"h-column h-column-container d-flex h-col-lg-auto h-col-md-auto h-col-auto align-self-lg-end align-self-md-end align-self-end style-1160-outer style-local-78-c25-outer\">\n            <div data-colibri-id=\"78-c25\" class=\"d-flex h-flex-basis h-column__inner h-ui-empty-state-container h-px-lg-0 h-px-md-0 h-px-0 v-inner-lg-0 v-inner-md-0 v-inner-0 style-1160 style-local-78-c25 position-relative\">\n              <!---->\n              <!---->\n              <div class=\"w-100 h-y-container h-column__content h-column__v-align flex-basis-100\">\n                <!---->\n              <\/div>\n            <\/div>\n          <\/div>\n        <\/div>\n      <\/div>\n    <\/div>\n  <\/div>\n  <div data-colibri-component=\"section\" data-colibri-id=\"78-c32\" id=\"custom\" class=\"h-section h-section-global-spacing d-flex align-items-lg-center align-items-md-center align-items-center style-1171 style-local-78-c32 position-relative\">\n    <!---->\n    <!---->\n    <div class=\"h-section-grid-container h-section-boxed-container\">\n      <!---->\n      <div data-colibri-id=\"78-c33\" class=\"h-row-container gutters-row-lg-2 gutters-row-md-2 gutters-row-0 gutters-row-v-lg-2 gutters-row-v-md-2 gutters-row-v-2 style-1172 style-local-78-c33 position-relative\">\n        <!---->\n        <div class=\"h-row justify-content-lg-center justify-content-md-center justify-content-center align-items-lg-stretch align-items-md-stretch align-items-stretch gutters-col-lg-2 gutters-col-md-2 gutters-col-0 gutters-col-v-lg-2 gutters-col-v-md-2 gutters-col-v-2\">\n          <!---->\n          <div class=\"h-column h-column-container d-flex h-col-lg-auto h-col-md-auto h-col-auto style-1173-outer style-local-78-c34-outer\">\n            <div data-colibri-id=\"78-c34\" class=\"d-flex h-flex-basis h-column__inner h-ui-empty-state-container h-px-lg-2 h-px-md-2 h-px-2 v-inner-lg-2 v-inner-md-2 v-inner-2 style-1173 style-local-78-c34 position-relative\">\n              <!---->\n              <!---->\n              <div class=\"w-100 h-y-container h-column__content h-column__v-align flex-basis-100\">\n                <!---->\n              <\/div>\n            <\/div>\n          <\/div>\n        <\/div>\n      <\/div>\n    <\/div>\n  <\/div>\n<\/div>","protected":false},"excerpt":{"rendered":"<p>Qui sommes-nous ? Pr\u00e9sentation de l&rsquo;APE Les commissions Pr\u00e9sentation des commissions LA RENTREE des lyc\u00e9ens Bien vivre la rentr\u00e9e Inscription Les d\u00e9marches pour s&rsquo;inscrire Tout savoir sur la vie du Lyc\u00e9en \u00e0 travers cette rubrique, d\u00e9couvrez tout ce que vous devez savoir d\u00e9couvrez<\/p>\n","protected":false},"author":2,"featured_media":0,"parent":0,"menu_order":0,"comment_status":"closed","ping_status":"closed","template":"page-templates\/full-width-page.php","meta":{"footnotes":""},"class_list":["post-78","page","type-page","status-publish","hentry"],"_links":{"self":[{"href":"https:\/\/apeletouquet.com\/index.php\/wp-json\/wp\/v2\/pages\/78","targetHints":{"allow":["GET"]}}],"collection":[{"href":"https:\/\/apeletouquet.com\/index.php\/wp-json\/wp\/v2\/pages"}],"about":[{"href":"https:\/\/apeletouquet.com\/index.php\/wp-json\/wp\/v2\/types\/page"}],"author":[{"embeddable":true,"href":"https:\/\/apeletouquet.com\/index.php\/wp-json\/wp\/v2\/users\/2"}],"replies":[{"embeddable":true,"href":"https:\/\/apeletouquet.com\/index.php\/wp-json\/wp\/v2\/comments?post=78"}],"version-history":[{"count":20,"href":"https:\/\/apeletouquet.com\/index.php\/wp-json\/wp\/v2\/pages\/78\/revisions"}],"predecessor-version":[{"id":4924,"href":"https:\/\/apeletouquet.com\/index.php\/wp-json\/wp\/v2\/pages\/78\/revisions\/4924"}],"wp:attachment":[{"href":"https:\/\/apeletouquet.com\/index.php\/wp-json\/wp\/v2\/media?parent=78"}],"curies":[{"name":"wp","href":"https:\/\/api.w.org\/{rel}","templated":true}]}}